.
2, 3, 263
List the prime factors of (-93300)/(-6 - 9) - -4.
2, 389
What are the prime factors of (-26)/2 + 10212 + -81?
2, 5059
Suppose 9*s - 14*s + 20 = 5*h, 5*h - 4*s = 2. Suppose -h*w + 534 + 634 = 0. List the prime factors of w.
2, 73
Suppose -4*n + 54 = -10. Suppose -12 = -7*v + n. Suppose 0 = v*c + 3*d - 845, -387 = -2*c - 5*d + 18. List the prime factors of c.
5, 43
Let n(s) = -13*s**2 + 23*s - 2716. Let p(w) = -6*w**2 + 10*w - 1358. Let o(k) = 4*n(k) - 9*p(k). List the prime factors of o(0).
2, 7, 97
Let i be -8 - 606 - 2/(-3)*-3. Let s = i - -1143. List the prime factors of s.
17, 31
Let w(l) = -6*l - 4. Let j be w(-10). Let y = j - 34. What are the prime factors of 36/(-27) - y/(-3)?
2, 3
Let q(t) = -6*t**3 + 40*t**2 + 385*t - 8. What are the prime factors of q(-11)?
3, 2861
Let m = -74 - -44. Let j = 30 + m. Suppose 2*k - 38 = -2*c, 2*k - 3*c - 63 = -j*c. List the prime factors of k.
2, 3
Let a be -4*((-1629)/6 + -3). Suppose -12*t = -17*t + 20, -3*t = -3*m + a. What are the prime factors of m?
2, 5, 37
Let k = 1112 - -1323. What are the prime factors of k?
5, 487
Let g be (-236)/(-5) - 4/(-5). Let c = -22 + g. List the prime factors of ((-36140)/(-169) - (-4)/c)*1.
2, 107
Suppose z - 422 = 5*q, 0 = -3*z - z - 3*q + 1642. Let v = z + -339. List the prime factors of v.
73
Suppose 574*r = 590*r - 8544. What are the prime factors of r?
2, 3, 89
Let i(f) = -3*f + 8. Let n(j) be the third derivative of -7*j**4/24 + 17*j**3/6 - 5*j**2. Let s(l) = 5*i(l) - 3*n(l). List the prime factors of s(7).
31
Let a be (-3 - 94)/(3 - (3 - -1)). Suppose -2*k - 2*d + 202 = 0, -3*k - 5*d = -a - 212. List the prime factors of k.
2, 7
Let s be (-62)/(-4) - (-14)/(-28). Let w be (-5)/s - (-38)/6. Let t(r) = -r**3 + 8*r**2 + 4*r - 12. What are the prime factors of t(w)?
2, 3, 7
Let s = 127 - 127. Suppose s = -36*l + 13598 + 5014. What are the prime factors of l?
11, 47
Suppose -y - 2*i + 3 = -i, 5*y + i = -1. List the prime factors of (-29)/(3*y/48).
2, 29
Let k = 8746 - 4428. List the prime factors of k.
2, 17, 127
Suppose -22*r = 3*p - 177729, -p + 32313 = 18*r - 14*r. What are the prime factors of r?
3, 2693
Let w(t) = -92*t - 147. Let x(n) = -2*n + 1. Let a(i) = -w(i) + 6*x(i). List the prime factors of a(11).
1033
Suppose -2*q = -10*q + 16. Suppose -3*m + 5087 = -k, -q*m + 6*m + 5*k = 6789. Suppose -7*s = 9 - m. List the prime factors of s.
241
Let w(q) = q**3 + 13*q**2 - 119*q - 23. List the prime factors of w(13).
2, 353
Let g = -148 + 155. Suppose -g*l + 70 + 14 = 0. What are the prime factors of l?
2, 3
Let c = 172 + -78. Suppose 8*a - c - 18 = 0. List the prime factors of a.
2, 7
Let u(i) be the third derivative of i**6/120 - i**4/6 + 472*i**3/3 + 107*i**2 - 2*i. What are the prime factors of u(0)?
2, 59
Let c(f) be the third derivative of -f**6/120 + 3*f**5/10 + 3*f**4 - 31*f**3/6 - 55*f**2 + 2*f. What are the prime factors of c(21)?
2, 79
Suppose 2*f = v + 26472, -4*v - 2498 = -2*f + 23980. List the prime factors of f.
5, 2647
Suppose 18066 = -8*i + 63322. List the prime factors of i.
5657
Suppose -p = -5*w - 21032 - 542, -3*p + w = -64694. What are the prime factors of p?
2, 3, 599
Suppose 7*x = 83*x - 298224. What are the prime factors of x?
2, 3, 109
Suppose 2550 = -3*x + 13*x. Suppose g - 90 - x = 0. Suppose 8*h - 719 = g. What are the prime factors of h?
7, 19
Let k = -16 + 16. Let w be 4 + 157 - (1 - k). Suppose -52 - w = -4*d. What are the prime factors of d?
53
Suppose 2 = -3*m - i + 3*i, -4 = -4*m + i. Suppose 2*x + x - 24 = -m*s, s + 3*x = 18. Suppose s*q - 685 = 557. List the prime factors of q.
3, 23
Let s = -104 - -99. List the prime factors of 569*(3 + 10/s).
569
Let y = -20844 - -44182. What are the prime factors of y?
2, 7, 1667
List the prime factors of 25991 + (-37)/((-888)/48).
11, 17, 139
Suppose -6*d = -20*d. Suppose d = 4*n - 5*n + 484. What are the prime factors of n?
2, 11
Suppose 21*h - 36 = 3*h. Suppose -3*o = -g - 93, -2 = -o + h*g + 24. What are the prime factors of o?
2
Let p = 7803 + 24993. List the prime factors of p.
2, 3, 911
Let q(s) = -7*s**3 - 2*s**2 - 4*s - 4. Let c be q(-4). Let n = 721 - 428. Let h = c - n. What are the prime factors of h?
3, 5
Suppose 474*p = 553*p - 3346203. What are the prime factors of p?
3, 7, 2017
Suppose 0 = 13*d - 6*d - 1148. Suppose d = 2*b + o, -87 = -5*b + 4*b - 3*o. List the prime factors of b.
3
Suppose 0 = 3*x - 557 - 271. Suppose x = -32*f + 7316. List the prime factors of f.
2, 5, 11
Let q = -19143 - -53819. What are the prime factors of q?
2, 8669
Let d be ((-2)/4)/(7/(-14)). Let y be (d/(-3) - 1)/((-4)/(-6)). List the prime factors of (2/(-5))/(y/110).
2, 11
What are the prime factors of (-4)/((-4449)/5868 - 15/(-20))?
3, 163
Let s = -4363 - -2702. Let j = -586 - s. What are the prime factors of j?
5, 43
Let h = 10 - 2. Let v(i) = i**2 - 8*i + 6. Let q be v(h). What are the prime factors of ((-5)/(5/(-2)))/(q/303)?
101
Suppose -59*j - 564528 = 39*j - 114*j. List the prime factors of j.
3, 19, 619
Let b(g) = 5*g**2 - 4*g - 7. Let u be b(-5). Let x = 703 - u. List the prime factors of x.
5, 113
Suppose -2098 - 2465 = 13*b. Let n = 719 + b. Suppose n = -8*w + 1112. What are the prime factors of w?
3, 31
Let w(k) = -10*k**3 - 13*k**2 - 28*k - 78. What are the prime factors of w(-8)?
2, 3, 739
Let a = -114 - -114. Suppose a*j = -d - 3*j + 20, 84 = 3*d + j. List the prime factors of d.
29
List the prime factors of 19276/((-32)/(-8)) + (13 - 6).
2, 19, 127
Let b(t) be the first derivative of 11*t**4/12 + 5*t**3/6 - t**2/2 + 7*t + 8. Let m(z) be the first derivative of b(z). What are the prime factors of m(-3)?
83
Let n be ((-69)/(-46))/(3/(-4)). Let p be (21/28)/((-97)/48 - n). Let w = 154 + p. What are the prime factors of w?
2, 59
Let w(h) = 1398*h - 6121. What are the prime factors of w(8)?
61, 83
Let b = -848 + 1703. Suppose -10*k + 985 + b = 0. List the prime factors of k.
2, 23
Let q(h) = -h**2 + h - 1. Let y(k) = 7*k**2 - 6*k - 19. Let x(f) = -5*q(f) - y(f). Let a be x(11). Let u = -124 - a. What are the prime factors of u?
83
Suppose -18614 = 13*y - 17*y + p, 0 = 2*y - 2*p - 9298. What are the prime factors of y?
5, 7, 19
Let o = 23 - 13. Let q(m) = m**3 + 4*m**2 - 8*m - 18. Let x be q(-4). Suppose -168 = o*l - x*l. What are the prime factors of l?
2, 3, 7
Suppose -19*v + 990 = -188. Suppose 2*i = 10, -2*a + 4*i = -i - 53. Let z = v - a. List the prime factors of z.
23
Let n be (36/14 - (-60)/(-105)) + -164. Let d = -126 - n. List the prime factors of d.
2, 3
Let k(o) = -118*o**2 - 15*o + 27. Let b(g) = 79*g**2 + 10*g - 18. Let x(h) = -7*b(h) - 5*k(h). What are the prime factors of x(-3)?
3, 103
Suppose -4*v - 9 = 3*w + 1, -5*w = -4*v - 26. Suppose -120 = -3*l - w*k - k, k = -5*l + 192. Suppose 0 = -3*o - l + 761. List the prime factors of o.
241
Let r = -8 - -14. Let v be r/(((-4)/(-5))/((-14)/(-35))). Let h(z) = 10*z**2 + z + 3. List the prime factors of h(v).
2, 3
Let q(s) be the third derivative of -s**4/24 + 11*s**3/6 - 3*s**2. Let i be q(10). List the prime factors of i*(30 - 2/1).
2, 7
Suppose -c = c + 5*l - 6130, -14*c - 2*l = -42844. What are the prime factors of c?
2, 3, 5, 17
Suppose 26*n = -51*n - 10*n + 407682. List the prime factors of n.
2, 3, 11, 71
Let n(s) = s**2 + 12*s - 28. Suppose -16*y + 26*y = 130. List the prime factors of n(y).
3, 11
Let i be 3 - (1 - 2)*(28 + -5). Let j = 26 - i. Suppose -h + j = -168. What are the prime factors of h?
2, 3, 7
Let h = 418 - 356. Suppose -h*w - 511 = -63*w. What are the prime factors of w?
7, 73
Let m(p) = -19*p**3 - 10*p - 5. List the prime factors of m(-6).
4159
Suppose s + 10*h - 3288 = 1329, 18296 = 4*s - 3*h. What are the prime factors of s?
23, 199
Suppose -i - 11954 - 5457 = -4*o, 0 = -2*o - i + 8701. What are the prime factors of o?
2, 17
Let s be (-44)/28 + 4/7. List the prime factors of 519/s*(40/(-6) - -6).
2, 173
Suppose -2*a - 9446 = 3*r - 47921, 0 = -5*a - 2*r + 96226. What are the prime factors of a?
2, 3, 401
Let a(k) = 2*k**2 + 33*k - 228. Let p be a(-39). List the prime factors of 259/37 + (p - 0).
2, 13, 59
Let j = 15257 + 33547. What are the prime factors of j?
2, 3, 7, 83
Let g = -2521 - -6387. What are the prime factors of g?
2, 1933
Suppose 0 = 2*d + 4, 0 = -o + 5*d + 20. Suppose 61*b +